 b be y(s). Suppose -b + 7 = -v, -3*o - 4*v + 35 = 0. What is the tens digit of o?
1
Let u be (5/20 - (-26)/(-8))*-1. Suppose -4*n = -3*q + 445, q - 165 = u*n - 5*n. What is the hundreds digit of q?
1
Let r = -63 + 98. Let o(b) = -b**2 + 7*b - 4. Let f be o(5). Let t = f + r. What is the tens digit of t?
4
Let n be -2 - ((-50)/12 + (-3)/(-18)). Let y(w) = 19*w**3 - w + 1. What is the units digit of y(n)?
1
Let n = -1097 + 2858. What is the hundreds digit of n?
7
Let d = -45 + 22. Let x = 5 - d. What is the tens digit of x?
2
Suppose -68944 = -201*f + 139*f. What is the hundreds digit of f?
1
Suppose 9*s + 48 = s. What is the tens digit of 207 - (s/9 + (-14)/6)?
1
Let l = 29 + -8. What is the units digit of (-191)/l*-3 + 2/(-7)?
7
Suppose -2*t - 26 + 14 = 0. Let i = t + 53. What is the tens digit of i?
4
Let n = 13 + -9. Let f = n - -38. What is the tens digit of f?
4
Suppose 27*j + 5957 - 152783 = 0. What is the tens digit of j?
3
Suppose 13*z - 8538 + 1076 = 0. What is the units digit of z?
4
Let n = -120 + 348. What is the units digit of n?
8
Suppose -c - 4*c + 657 = 4*j, -4*j - 3*c + 655 = 0. What is the hundreds digit of j?
1
Let g be 3/(-6)*-1*-98. What is the tens digit of (g/(-5))/((-4)/(-20))?
4
Let p(y) = 2*y**2 + 5*y + 5. Suppose 4*t + 9 = 1. Let b be p(t). Suppose 2*m = -b*m + u + 24, -2*u = 2*m. What is the units digit of m?
4
Let g(c) = 93*c**3 - c**2 - 2*c + 1. Let q be g(1). Let z = q + -47. What is the tens digit of z?
4
Let s = -957 - -1440. Suppose -s - 113 = -2*j. What is the units digit of j?
8
Let a = 1541 - 921. What is the units digit of a?
0
Suppose 2*n + 40*l - 536 = 38*l, n - 263 = 4*l. What is the units digit of n?
7
Suppose 58 - 19 = 2*g + s, 0 = 4*s - 20. Suppose p + g = w, 5*w + 5*p = 4*w - 7. What is the units digit of w?
3
Suppose -8*f + 7*f + 2 = -2*i, 3*f + 2*i + 10 = 0. What is the tens digit of 282/(-9)*(-3 + 9/f)?
3
Let s(l) = -l**2 + 6*l + 5. Let y be s(6). Let b(r) = r**2 - 3*r - 5. Let k be b(-7). Suppose -2*w + y = -k. What is the tens digit of w?
3
Let r(b) = b**3 - 26*b**2 + 7*b + 4. Let l be r(24). What is the units digit of ((-2)/(-4) + 1)/((-21)/l)?
0
Let b(q) be the third derivative of q**6/120 + q**5/15 - q**4/6 + 5*q**3/6 + 2*q**2. Let v be b(-4). What is the tens digit of (-5)/((v/12)/(-7))?
2
Let h be (-16)/(-12)*12/2. Let l be (-2)/4 + 4/h. Let f = l - -3. What is the units digit of f?
3
Let k be 6506/8 + -5 + 133/28. Suppose 3*b = 3*o - 801, 0 = 8*o - 5*o + 3*b - k. What is the tens digit of o?
6
Suppose -20*p = -19*p - 30. Let l = 48 - p. Let j = 23 - l. What is the units digit of j?
5
Let p(y) = -3*y + 20. Let w be p(-11). Suppose 0 = b - w - 2. What is the tens digit of b?
5
What is the hundreds digit of (87/(-174))/((-6834)/(-6836) - 1)?
7
Let d be 5 + (1 - -1) - 4. Suppose -2*l = -d*l + 2. Suppose l*g - a + 108 = 4*g, 0 = g + 5*a - 54. What is the tens digit of g?
5
Let i = 9 + -6. Let v(d) = 4*d**2 - 3*d - 3. What is the units digit of v(i)?
4
Suppose 0 = 3*d - l - 3020, 8*d - 11*d = 4*l - 3010. What is the units digit of d?
6
Let u = -596 + 937. What is the tens digit of u?
4
Let g(k) = -493*k - 98. What is the thousands digit of g(-11)?
5
Let c = -60 - -62. Suppose c*k = k + d + 110, 416 = 4*k + 4*d. What is the units digit of k?
7
What is the hundreds digit of 8/36 + 8412/54?
1
Let l(v) = -13*v**3 - 8*v**2 - 6*v + 18. What is the units digit of l(-3)?
5
Suppose -1772 = 110*k - 112*k. What is the units digit of k?
6
Suppose 6*n = 2*n + 20. Suppose 4*x = -4*g + 196, -77 = -2*g + n*x + 56. What is the units digit of g?
4
Let n(j) = 10*j**3 + j**2 - j + 1272. What is the hundreds digit of n(0)?
2
Let r = 10 + -13. What is the tens digit of ((5 + r)*246/(-4))/(-1)?
2
Let k = 35 + -23. Let w = 40 + -38. Suppose -3*j - w*h + 5 = -28, 2*h + k = 2*j. What is the units digit of j?
9
Let d = -20 + 19. Let m = d - -5. Suppose -2*g + 44 = m*u, -u - 4*u = -4*g + 127. What is the units digit of g?
8
What is the thousands digit of (-2)/(-7) - (-56532)/49?
1
Suppose 18*j = 15*j + 366. What is the hundreds digit of j?
1
Suppose 0 = -2*y - 100 + 598. What is the tens digit of y?
4
Let b = -122 + 339. What is the units digit of b?
7
Let u(y) = 5*y + 5. Let x be u(-13). Suppose 19 = -4*l + 103. Let q = l - x. What is the tens digit of q?
8
Let h be 21/(-35) - 898/(-5). Suppose 55 = -2*f + h. What is the units digit of f?
2
Suppose -5*k + k + 4*j + 1428 = 0, 711 = 2*k - 3*j. What is the tens digit of k?
6
Let b be (-13)/(-3) + 11/(-33). Let h be 0/(-1 + 3 - b). What is the units digit of (-1 + h/(-2))*-22?
2
Let l(m) be the second derivative of -m**4/12 + 3*m**3/2 - 5*m**2/2 - 6*m. Let i be l(2). Suppose -i*k + 52 = -8*k. What is the units digit of k?
2
Let o(w) = 5*w + 6. Let m = 40 - 32. What is the tens digit of o(m)?
4
Let z = 7 + -7. Suppose -5*x + 229 - 69 = z. Suppose 45 = 3*c + 3*o, -x = -2*c - 0*o - o. What is the tens digit of c?
1
What is the hundreds digit of (110/8 + -3)/(12/1104)?
9
Let u be 14*(-15)/(-6) + -2. Let j = 212 - u. What is the tens digit of j?
7
Let a(v) = 3*v - 87 + 8*v**2 - 13*v**2 + v**3 + 94. Let m(i) = -2*i - 6. Let r be m(-6). What is the units digit of a(r)?
1
Let p(j) = -7*j**2 - 11*j + 3. Let d(b) = 8*b**2 + 12*b - 3. Let r(g) = 6*d(g) + 7*p(g). Let m be r(-5). What is the tens digit of (5 + 133)*1/m?
4
Suppose 2*x + 18 = -x. Let c = -4 - x. Suppose -c*r + 0 + 12 = 0. What is the units digit of r?
6
Let k(v) = v - 10. Let p be 4/(-6)*18/(-4). Let c be (p + -2 + 0)*12. What is the units digit of k(c)?
2
Let t(a) = -a**3 + a**2 + a + 755. What is the hundreds digit of t(0)?
7
Let l be (2/6)/((-11)/(-99)). Suppose -4*y + 37 = z, 21 + 4 = 5*y - l*z. Suppose 3*r = y*r + 3*g - 241, 0 = -5*r - 2*g + 244. What is the units digit of r?
0
Let u = -194 + 498. What is the tens digit of u?
0
Let o(x) = -2*x - 5. Let p be o(-5). Suppose 39 = p*v - 81. Suppose c + v = 3*c. What is the units digit of c?
2
Let n = 2035 + -1119. What is the units digit of n?
6
Suppose 0 = -r + g + 2351, -2*g = 131 - 125. What is the tens digit of r?
4
Suppose 1782 = 5*v - 1303. What is the hundreds digit of v?
6
What is the units digit of 2 + 0 + 46 + -24?
4
Let y = 14 - 27. Let o = y - -38. What is the units digit of o?
5
Let a(w) = -18*w - 17. Suppose 2 = -5*x - 33. What is the units digit of a(x)?
9
Let w be (-1 + 1)*(0 - -1). Suppose w = -r - 0*r - 4*d + 35, r + 2*d = 29. What is the units digit of r?
3
Let m(a) = -a + 8. Let v be m(6). Suppose -v*d - 6 = -d. Let s(o) = o**3 + 6*o**2 - 2*o - 5. What is the units digit of s(d)?
7
Suppose 11 + 9 = 5*o. Suppose 42 = 2*z - 3*n + n, -o*n = -5*z + 109. Suppose -3*r = -2*r - z. What is the tens digit of r?
2
Suppose 0 = m + 2*m - 48. Let g(r) = -r**3 + 15*r**2 + 17*r + 2. Let n be g(m). Suppose 0 = 16*p - n*p + 22. What is the tens digit of p?
1
Suppose -2*w + 4*h + 2370 = 0, 87*w + 5*h - 1185 = 86*w. What is the thousands digit of w?
1
Let q(n) = 35*n**2 - 28*n - 37. What is the thousands digit of q(7)?
1
Suppose -14*b = -9*b - 10. Suppose b*z = 2*c - 37 - 35, -87 = -3*c - 4*z. What is the tens digit of c?
3
Suppose 5*g + 2 = 12. Let a be 1*(4 + (-3)/1). What is the units digit of (18*a - g)/2?
8
Suppose 5*u = -4*p + 4713, -u + 291 = -p - 657. What is the hundreds digit of u?
9
What is the units digit of -3 - 11247/(-3) - (2 - 8)?
2
Let s = -2 - 12. What is the tens digit of s/(-2)*108/12?
6
Suppose 290*f - 26975 = 277*f. What is the units digit of f?
5
Let t = -15 - -18. Let r(w) = -6*w**2 - w - w**t + 4*w**2 + 8*w**2. What is the tens digit of r(5)?
2
Let s = 133 + -128. Suppose -1192 - 433 = -s*v. What is the tens digit of v?
2
Let b(v) = -13*v - 277. Let l be b(-25). Let p = -68 - -47. Let h = l - p. What is the units digit of h?
9
Suppose -2238 = -6*i + 6174. What is the tens digit of i?
0
Suppose 3*l - 7 = 3*n - 22, l = -5*n - 17. Let c be l/(42/4)*-3. Suppose -c*t - 54 = -4*t. What is the tens digit of t?
2
What is the tens digit of 176428/63 - (-24)/(-54)?
0
Suppose -6*z + 5*z = -340. Suppose 385 = -5*k - 3*u, 2*k - 4*u + z = -2*k. What is the units digit of (-48)/k - (-42)/5?
9
Suppose 5*z - 4641 = -5*w + 799, -w + 1096 = 3*z. What is the tens digit of w?
8
Suppose -9523 = -5*u - 4*m, -4*u = -5*u - 5*m + 1913. What is the tens digit of u?
0
